640183619?
8
What is the hundred thousands digit of 27266447?
2
What is the ten thousands digit of 148866911?
6
What is the tens digit of 690548119?
1
What is the thousands digit of 63470909?
0
What is the ten thousands digit of 149672811?
7
What is the thousands digit of 140494858?
4
What is the hundreds digit of 32047106?
1
What is the units digit of 2330038432?
2
What is the hundreds digit of 46778722?
7
What is the hundred millions digit of 119590012?
1
What is the tens digit of 137436986?
8
What is the tens digit of 2001777421?
2
What is the thousands digit of 37257697?
7
What is the hundreds digit of 150916191?
1
What is the ten millions digit of 964156664?
6
What is the millions digit of 81962662?
1
What is the hundreds digit of 2624865696?
6
What is the millions digit of 1780962459?
0
What is the units digit of 261945491?
1
What is the hundred thousands digit of 120364641?
3
What is the hundreds digit of 623659428?
4
What is the hundreds digit of 772860423?
4
What is the hundreds digit of 46471541?
5
What is the hundred thousands digit of 1537608005?
6
What is the hundred millions digit of 742360736?
7
What is the hundred millions digit of 1063084636?
0
What is the ten thousands digit of 69555765?
5
What is the ten millions digit of 231637284?
3
What is the hundred thousands digit of 666231971?
2
What is the ten millions digit of 73478682?
7
What is the hundred millions digit of 2846213100?
8
What is the hundred millions digit of 4275494588?
2
What is the hundreds digit of 54778657?
6
What is the hundreds digit of 15994339?
3
What is the tens digit of 76713849?
4
What is the millions digit of 423188971?
3
What is the hundreds digit of 107432019?
0
What is the hundred thousands digit of 123635797?
6
What is the hundreds digit of 113414289?
2
What is the ten thousands digit of 201940838?
4
What is the millions digit of 53469213?
3
What is the thousands digit of 573104899?
4
What is the hundreds digit of 86076559?
5
What is the billions digit of 1360897314?
1
What is the units digit of 1691741562?
2
What is the tens digit of 107108604?
0
What is the millions digit of 1285435821?
5
What is the tens digit of 3449119893?
9
What is the ten millions digit of 30412046?
3
What is the millions digit of 485679821?
5
What is the thousands digit of 93662138?
2
What is the hundred millions digit of 1160168575?
1
What is the millions digit of 163454498?
3
What is the hundreds digit of 187327013?
0
What is the thousands digit of 166430884?
0
What is the ten thousands digit of 2365555904?
5
What is the millions digit of 191711561?
1
What is the hundred thousands digit of 56554447?
5
What is the thousands digit of 241796095?
6
What is the ten millions digit of 4208785277?
0
What is the ten millions digit of 275204356?
7
What is the ten millions digit of 1541019768?
4
What is the ten thousands digit of 1689783551?
8
What is the millions digit of 62272893?
2
What is the hundred thousands digit of 3543057?
5
What is the thousands digit of 67291872?
1
What is the hundred millions digit of 493335983?
4
What is the thousands digit of 269785608?
5
What is the millions digit of 4251248525?
1
What is the thousands digit of 4775804?
5
What is the hundred thousands digit of 2806226091?
2
What is the hundreds digit of 22766709?
7
What is the hundreds digit of 3014805?
8
What is the hundreds digit of 887570255?
2
What is the ten millions digit of 21945073?
2
What is the hundred thousands digit of 648044836?
0
What is the hundred millions digit of 186887001?
1
What is the thousands digit of 199959032?
9
What is the thousands digit of 1461794107?
4
What is the ten thousands digit of 47643989?
4
What is the millions digit of 80862529?
0
What is the millions digit of 192573653?
2
What is the ten thousands digit of 4340958030?
5
What is the hundred millions digit of 1841791468?
8
What is the units digit of 206921026?
6
What is the hundred thousands digit of 8832264?
8
What is the millions digit of 34169609?
4
What is the millions digit of 41558464?
1
What is the hundred millions digit of 678675753?
6
What is the ten millions digit of 827454063?
2
What is the tens digit of 836694364?
6
What is the hundred thousands digit of 130727996?
7
What is the billions digit of 4633986036?
4
What is the hundred millions digit of 1371694712?
3
What is the hundred thousands digit of 74452529?
4
What is the hundred thousands digit of 68056012?
0
What is the units digit of 1306076025?
5
What is the units digit of 64103659?
9
What is the hundreds digit of 285412882?
8
What is the tens digit of 479174868?
6
What is the ten thousands digit of 1685193748?
9
What is the hundreds digit of 3511596963?
9
What is the tens digit of 2214289194?
9
What is the ten thousands digit of 509625264?
2
What is the tens digit of 6912016?
1
What is the ten thousands digit of 181752405?
5
What is the tens digit of 106965164?
6
What is the hundred thousands digit of 443313822?
3
What is the thousands digit of 55932822?
2
What is the hundred thousands digit of 9278186?
2
What is the hundred millions digit of 502055006?
5
What is the ten millions digit of 46392386?
4
What is the hundred thousands digit of 256258037?
2
What is the units digit of 1438466713?
3
What is the hundred millions digit of 2247280611?
2
What is the billions digit of 1273194614?
1
What is the ten millions digit of 275292289?
7
What is the billions digit of 1823484057?
1
What is the units digit of 68490451?
1
What is the units digit of 80540140?
0
What is the ten millions digit of 92311261?
9
What is the ten millions digit of 30108629?
3
What is the ten millions digit of 48631730?
4
What is the hundred thousands digit of 79860835?
8
What is the ten millions digit of 146862826?
4
What is the hundreds digit of 7940048830?
8
What is the millions digit of 9377313?
9
What is the hundreds digit of 221808125?
1
What is the hundreds digit of 162350101?
1
What is the ten thousands digit of 398800471?
0
What is the tens digit of 167677525?
2
What is the hundreds digit of 419506889?
8
What is the ten millions digit of 1369324239?
6
What is the ten millions digit of 72583555?
7
What is the thousands digit of 186676454?
6
What is the millions digit of 2150979522?
0
What is the ten millions digit of 12444720?
1
What is the ten millions digit of 1144200253?
4
What is the thousands digit of 283847264?
7
What is the tens digit of 139773730?
3
What is the billions digit of 1645282890?
1
What is the millions digit of 28380362?
8
What is the hundred thousands digit of 7740373506?
3
What is the ten millions digit of 1987857848?
8
What is the thousands digit of 315663534?
3
What is the tens digit of 138827850?
5
What is the hundreds digit of 7401585049?
0
What is the millions digit of 104252135?
4
What is the hundreds digit of 69243512?
5
What is the tens digit of 177809712?
1
What is the hundreds digit of 797537905?
9
What is the thousands digit of 35601380?
1
What is the units digit of 2868454968?
8
What is the billions digit of 2963475040?
2
What is the hundred thousands digit of 40855186?
8
What is the millions digit of 217837411?
7
What is the ten millions digit of 6365401527?
6
What is the units digit of 202191824?
4
What is the billions digit of 1229171062?
1
What is the millions digit of 1979337183?
9
What is the thousands digit of 119481693?
1
What is the ten thousands digit of 6350372574?
7
What is the ten thousands digit of 21518354?
1
What is the hundred thousands digit of 144731844?
7
What is the hundred thousands digit of 694436415?
4
What is the hundreds digit of 82747149?
1
What is the ten millions digit of 49017479?
4
What is the tens digit of 1218690380?
8
What is the ten millions digit of 13636097?
1
What is the hundred thousands digit of 79675026?
6
What is the tens digit of 280663295?
9
What is the millions digit of 1727273777?
7
What is the ten thousands digit of 522938255?
3
What is the units digit of 1609683899?
9
What is the hundred thousands digit of 95500134?
5
What is the thousands digit of 12573847?
3
What is the hundreds digit of 20561629?
6
What is the ten millions digit of 346574449?
4
What is the units digit of 58584808?
8
What is the tens digit of 644491320?
2
What is the hundreds digit of 237362607?
6
What is the hundreds dig